14. List the prime factors of u.
23
Suppose -37*q + 30*q = -1435. Suppose -5*z + q = 12*s - 11*s, -8 = -4*z. List the prime factors of s.
3, 5, 13
Let p = 3 + 5. Let d(v) = 7*v**3 - 9*v**2 - 8*v + 1. Let s(t) = 13*t**3 - 18*t**2 - 15*t + 1. Let n(o) = 11*d(o) - 6*s(o). What are the prime factors of n(p)?
5, 17
Let v(g) = -23*g**2 - 5*g - 12. Let m be v(-7). Let x = m + 2177. List the prime factors of x.
29, 37
Suppose 0 = 2*x - h - 5845, 4*x - 3*h - 4792 - 6903 = 0. What are the prime factors of x?
2, 5, 73
Suppose -378 = -11*w + 238. Suppose 50*d = w*d - 7476. What are the prime factors of d?
2, 7, 89
Let i = -2608 - -1331. Let x = i - -2785. List the prime factors of x.
2, 13, 29
List the prime factors of (-5724)/(-48)*(26 - -318).
2, 3, 43, 53
Suppose -c + 10688 = 1407. List the prime factors of c.
9281
Let m(r) = -r - 339. Let s be m(0). Let w = s + 975. Suppose 8*c - w + 92 = 0. What are the prime factors of c?
2, 17
Let h(y) = 286*y**2 + 112*y - 1404. List the prime factors of h(13).
2, 13, 1861
List the prime factors of (-78 + 46 + 16/2)*-1928.
2, 3, 241
Let t = -2309 - -2297. Let l(y) = -2*y**2 + y + 3*y**2 + 6 - 4*y. What are the prime factors of l(t)?
2, 3, 31
Let v(n) = -8*n + 2. Let m be v(5). Let k be ((m + 0)*(0 + -2))/2. Suppose -2*c + 3*i = i - k, 0 = -i + 5. What are the prime factors of c?
2, 3
Let a(z) = 600*z**2 - 15*z + 18. Let b be a(4). Suppose 16*r = b + 8986. List the prime factors of r.
19, 61
Let q(z) = 16*z**2 + 10*z - 2. Let t(l) = -15*l**2 - 9*l + 2. Let o(a) = -3*q(a) - 4*t(a). Let v be o(3). What are the prime factors of (6 - 4/4) + v?
3, 43
Suppose 2*g = -6*o - 73223 + 250277, 4*o + 265516 = 3*g. What are the prime factors of g?
2, 3, 461
Let r(s) = 5101*s**3 + 15 + 4*s - 5102*s**3 + 2*s - 8*s**2. List the prime factors of r(-10).
5, 31
Let y(n) = n**2 - 4*n - 4. Let x(j) = 7*j - 52. Let p be x(8). Suppose -3*w + 2*w - 2*d = 0, p*d = -12. What are the prime factors of y(w)?
2
Let j = 9165 + -1207. What are the prime factors of j?
2, 23, 173
Suppose 24*m = -3*m + 550444 + 708674. List the prime factors of m.
2, 7, 3331
Suppose -2*l + 3*v + 44006 = 0, -44004 = -2*l - 99*v + 101*v. What are the prime factors of l?
2, 5, 11
Suppose -433*m - 13271 = -2*w - 432*m, 2*w - 13268 = 4*m. List the prime factors of w.
2, 3, 7, 79
Let r = 495 - 103. Let u = 8259 + -8257. Suppose 2*v - u*z = r, -3*v - 3*z + 568 = -z. List the prime factors of v.
2, 3
Suppose -10*g + 7*g = i - 2, -g - 6 = -3*i. Suppose 0 = -4*d + 3*n + 1464, 3*d + 5*n - 343 = i*d. List the prime factors of d.
3, 11
Suppose 6*n - 2*n = -f + 50, 2 = -2*n. Suppose 138 = 2*q - f. What are the prime factors of q?
2, 3
Let w be (1 - 11) + 7 + 358. Let v = w + 373. What are the prime factors of v?
2, 7, 13
Let r(u) = -1259*u + 1. Let i be r(-1). Suppose -4*s + i = 4*x + x, 4*s - 2*x = 1260. Suppose 5*o - s = -0*o. List the prime factors of o.
3, 7
Let k(g) = -18*g - 14. Let p be k(-1). Suppose -n = -d + 242, 661 = 3*d - p*n - 63. List the prime factors of d.
2, 61
Let i = 796 - 815. What are the prime factors of 123*i/((-513)/306)?
2, 17, 41
Let b = 28 - 27. Let x be 8*(3/(-2) + b) + 4. Suppose x = -4*t + 20, 4*j - 2*t = -4*t + 790. What are the prime factors of j?
3, 5, 13
Suppose -348871 = -48*c - 117175. What are the prime factors of c?
3, 1609
Let z(q) = -12*q**2 + 1918*q - 406. List the prime factors of z(149).
2, 11, 431
Let p = 41 - 39. Suppose 400 = -p*k + 6*k. What are the prime factors of k?
2, 5
What are the prime factors of 45388/10 - (-96)/(-120)?
2, 2269
Let g be ((-67)/(-3))/((-32)/(-576)). Suppose 2*x - 2*p = 1452, 2*p - g = -x + 327. What are the prime factors of x?
727
List the prime factors of (-15932284)/(-460) - (9/(-30))/(6/(-8)).
3, 5, 2309
Let d = 8582 + 12412. What are the prime factors of d?
2, 3, 3499
Suppose 15*s + 3272 - 347 = 0. Let h = s + 246. What are the prime factors of h?
3, 17
Let i be 4 - (942/9)/((-6)/9). Let t = i - -169. List the prime factors of t.
2, 3, 5, 11
Let s be 0 + 48 - (3 - (-3 - -4)). Let x = 25 + 12. Let g = s - x. List the prime factors of g.
3
Let p be (-5 - -5)/((-8)/2). Suppose 3*w - 2146 = 2*d, -5 = -p*d + d. List the prime factors of w.
2, 89
Suppose a - 2*h - 7 = -2, a = -3*h + 15. Suppose a*b - 10*b = -6. Suppose -b*p + p + 405 = 0. List the prime factors of p.
3
Let s = -37 + 67. Let r = -708 + 1506. Suppose 27*t = s*t - r. What are the prime factors of t?
2, 7, 19
Suppose 171*o = 161*o + 2150. Suppose o*m - 320 = 211*m. List the prime factors of m.
2, 5
Let m = -2931 - -5775. List the prime factors of m.
2, 3, 79
Suppose -4*q + 7038 = 3*x, 12*x = 15*x - 6. What are the prime factors of q?
2, 3, 293
Let d = -898 + 1729. Suppose -14*z + d + 3215 = 0. What are the prime factors of z?
17
Suppose -66*c + 71*c - 8719 - 44376 = 0. List the prime factors of c.
7, 37, 41
List the prime factors of (-6)/6*(645504/(-14) - (-6)/14).
3, 47, 109
Suppose 67841 = -141*g + 421187. List the prime factors of g.
2, 7, 179
Suppose 2*d - g + 24 = 0, -d + g - 54 = 4*d. Let f(n) = -n**3 - 12*n**2 - 26*n - 18. List the prime factors of f(d).
2, 3, 7
Let n = 150 - 311. Let x = n + 250. List the prime factors of x.
89
Suppose -h = 12*h - 6240. Suppose -3*a = -a - h. List the prime factors of a.
2, 3, 5
Suppose -5*a + x + 7 = 0, -5*a - 3*x + 0*x + 19 = 0. Suppose -a*h + 217 = -985. List the prime factors of h.
601
Suppose -98*a + 5800066 - 1884098 = -2604168. List the prime factors of a.
2, 16633
Let u(h) = 4*h - 62. Let y be u(4). List the prime factors of 1*58*(y + 54).
2, 29
Suppose 4*c + 4*o - 14635 = 53049, 2*c - 33836 = -5*o. List the prime factors of c.
3, 5641
What are the prime factors of 5736 + (7/14)/(6/(-12))?
5, 31, 37
Let l = 253 - 250. Suppose -609 = -l*w + 2643. List the prime factors of w.
2, 271
Let d be 23 + (6 - (-12)/(-4)). Suppose 16*o = d*o - 5840. List the prime factors of o.
2, 73
Let z be ((-15)/(-3 - 0))/1. Let i(w) be the first derivative of w**3 - 5*w**2/2 - 3*w - 59. List the prime factors of i(z).
47
Suppose 100*p + 435*p = 5530830. List the prime factors of p.
2, 3, 1723
Suppose -10*t + 105*t = 696255. What are the prime factors of t?
3, 7, 349
Let r(z) = 2*z**3 - 24*z**2 + 18*z + 52. What are the prime factors of r(29)?
2, 1823
Suppose 156 = 3*i + 129. Suppose m - 7530 = -i*m. List the prime factors of m.
3, 251
Suppose 5*j - 5*d = 1140, -4*j + 2*j = d - 456. Let z = 4628 + -4700. Let s = z + j. What are the prime factors of s?
2, 3, 13
Let q(g) = -g**3 + 5*g**2 + 32*g + 6. Let t be q(-14). Let s = -2282 + t. List the prime factors of s.
2, 5
Suppose -57*r = -373482 - 283557. What are the prime factors of r?
11527
Let j(q) be the first derivative of q**3/3 - 9*q**2 - 15*q + 4. Let k be j(19). Suppose k*r + n - 152 = 5*n, 4*n = -4*r + 128. List the prime factors of r.
5, 7
Suppose 111*s + 6543 = 1215. Suppose -3*f - c - 246 = -0*f, -4*f = -5*c + 309. Let r = s - f. List the prime factors of r.
3, 11
Let m be 4/(-3) - 14970/(-9). Let f = m + -1092. List the prime factors of f.
2, 3, 5, 19
Let s(o) = o**2 - 13*o - 78. Let n(i) = i - 26. Let q be n(0). List the prime factors of s(q).
2, 3, 13
Let d = -21814 + 33203. What are the prime factors of d?
7, 1627
Let o(u) = u**2 - 86. Let p be (-12)/(-18)*-6 + -8. List the prime factors of o(p).
2, 29
Suppose 0 = 5*f - 3*u - 62676, -4*f + 23066 + 27079 = -3*u. What are the prime factors of f?
3, 4177
Let c(n) = 879*n**2 - 5*n - 17. What are the prime factors of c(-3)?
11, 719
Suppose -15935370 = 128*m - 133*m - 210*m. List the prime factors of m.
2, 3, 11, 1123
Suppose 2*s - 209 = -s - 5*c, 0 = -4*s + 3*c + 327. Suppose 401 = 17*g + s. What are the prime factors of g?
19
Suppose -15*k + 11233 = -68453 - 42414. What are the prime factors of k?
2, 5, 11, 37
Suppose 7*n - 9*n = k - 11250, n - 5652 = 4*k. List the prime factors of n.
2, 3, 7, 67
Suppose 0 = -5*r - 30, -n + 514*r - 517*r = -3731. What are the prime factors of n?
23, 163
Suppose -9*o = -59283 - 657. List the prime factors of o.
2, 3, 5, 37
Suppose -3*j = 4*k - 21834, -11*k - 5455 = -12*k + j. List the prime factors of k.
3, 17, 107
Suppose 33*q - 13658 = 12544. List the prime factors of q.
2, 397
Let b = -244 - -469. Let k(t) = -26*t**2 - 25*t - 1. Let x be k(-2). What are the prime factors of (-